{"id":74,"date":"2023-07-28T14:00:50","date_gmt":"2023-07-28T12:00:50","guid":{"rendered":"https:\/\/zukunft-inklusion.ch.prestage.ch\/gr\/?page_id=74"},"modified":"2026-08-27T08:03:53","modified_gmt":"2026-08-27T06:03:53","slug":"protezione-dei-dati","status":"publish","type":"page","link":"https:\/\/futuro-inclusivo.ch\/gr\/protezione-dei-dati\/","title":{"rendered":"Protezione dei dati"},"content":{"rendered":"\n<h2 class=\"wp-block-heading\">Osservazioni generali<\/h2>\n\n\n\n<p class=\"wp-block-paragraph\">Le presente informativa offre una panoramica sintetica sul trattamento dei dati personali di chi visita il nostro sito web. Per dati personali si intendono tutte le informazioni concernenti una persona fisica identificata o identificabile.<\/p>\n\n\n\n<p class=\"wp-block-paragraph\">L\u2019accesso al presente sito web comporta la raccolta di dati personali. In alcuni casi, la raccolta \u00e8 dettata da motivi tecnici ed \u00e8 necessaria; in altri, i dati vengono raccolti deliberatamente per ottenere informazioni sull\u2019utilizzo del sito web e adattarlo costantemente alle esigenze di chi lo consulta.<\/p>\n\n\n\n<p class=\"wp-block-paragraph\">Trattiamo i dati personali nel rispetto della legge federale sulla protezione dei dati.<\/p>\n\n\n\n<h2 class=\"wp-block-heading\">Titolare del trattamento<\/h2>\n\n\n\n<p class=\"wp-block-paragraph\">Il titolare del trattamento dei dati raccolti tramite questo sito web \u00e8:<\/p>\n\n\n\n<p class=\"wp-block-paragraph\">Ufficio sociale cantonale dei Grigioni <br>Integrazione dei disabili, Daniel Kistler<br>Grabenstrasse 8<br>7000 Chur <br>E-Mail:\u00a0<a href=\"mailto:\" data-eml-encoded-attr=\"WVd0MGFXOXVjM1JoWjJVbE5EQnpiMkV1WjNJdVkyZz0=\"><span data-eml-encoded-html><label>(E-Mail)<\/label><var aria-hidden=\"true\" style=\"display:none\">WVd0MGFXOXVjM1JoWjJVbE5EQnpiMkV1WjNJdVkyZz0=<\/var><\/span><\/a> <br>Telefono: +41 81 257 26 54<\/p>\n\n\n\n<h2 class=\"wp-block-heading\">Videoconferenze e trasmissioni in diretta<\/h2>\n\n\n\n<p class=\"wp-block-paragraph\">Determinati eventi, ad esempio le conferenze stampa, sono trasmessi in diretta tramite streaming video. A tal fine ricorriamo a servizi di streaming e videoconferenza di terzi (ad es. Teams o Zoom). Quando l\u2019utente vi accede o vi partecipa, vengono trasmessi il suo indirizzo IP e informazioni sul dispositivo che utilizza; a seconda del fornitore, alcuni dati possono essere trasferiti negli Stati Uniti. Con la sua partecipazione, l\u2019utente accetta l\u2019informativa sulla protezione dei dati del rispettivo fornitore.<\/p>\n\n\n\n<h2 class=\"wp-block-heading\">Analisi web (Matomo)<\/h2>\n\n\n\n<p class=\"wp-block-paragraph\">Questo sito web utilizza un\u2019istanza autogestita del software open source Matomo (matomo.org) per misurare le visite. Il software \u00e8 configurato in modo da non memorizzare cookie sul dispositivo dell\u2019utente.<\/p>\n\n\n\n<p class=\"wp-block-paragraph\">Per analizzare nel rispetto della normativa sulla protezione dei dati il comportamento di chi visita il nostro sito web, l\u2019indirizzo IP dell\u2019utente viene anonimizzato immediatamente dopo la raccolta. L\u2019identificazione dei singoli visitatori \u00e8 pertanto esclusa. L\u2019utente pu\u00f2 inoltre impedire automaticamente il tracciamento attivando nel proprio browser la funzione \u00abDo Not Track\u00bb.<\/p>\n\n\n\n<h2 class=\"wp-block-heading\">Google Analytics e servizi pubblicitari<\/h2>\n\n\n\n<p class=\"wp-block-paragraph\">Per analizzare il nostro sito web e ottimizzare la pubblicit\u00e0 online utilizziamo Google Tag (gtag.js) di Google Ireland Ltd. In questo processo, i dati possono essere trasmessi a Google LLC negli Stati Uniti. Utilizzando il sito web o confermando o chiudendo il banner sui cookie, l\u2019utente acconsente a tale trattamento dei dati e all\u2019utilizzo dei relativi cookie. La raccolta di dati pu\u00f2 essere disattivata in qualsiasi momento tramite le <a href=\"https:\/\/adssettings.google.com\/\" target=\"_blank\" rel=\"noopener\">impostazioni sugli annunci di Google<\/a> o mediante il <a href=\"https:\/\/tools.google.com\/dlpage\/gaoptout\">componente aggiuntivo del browser per la disattivazione di Google Analytics<\/a>. Per ulteriori dettagli, si prega di consultare le <a href=\"https:\/\/policies.google.com\/privacy\" target=\"_blank\" rel=\"noopener\">norme sulla privacy di Google<\/a>.<\/p>\n\n\n\n<h2 class=\"wp-block-heading\">Contatto tramite e-mail<\/h2>\n\n\n\n<p class=\"wp-block-paragraph\">Se l\u2019utente contatta uno degli indirizzi e-mail pubblicati sul nostro sito web, i suoi dati personali trasmessi con l\u2019e-mail vengono memorizzati. Questi dati non vengono trasmessi a terzi senza il consenso dell\u2019utente. \u00c8 fatta salva la trasmissione a fornitori di servizi da noi incaricati, che sono contrattualmente tenuti a rispettare le disposizioni sulla protezione dei dati (responsabili del trattamento), nella misura in cui ci\u00f2 sia necessario per l\u2019esecuzione della prestazione.<\/p>\n\n\n\n<h2 class=\"wp-block-heading\">Newsletter<\/h2>\n\n\n\n<p class=\"wp-block-paragraph\">Se l\u2019utente si iscrive alla nostra newsletter, il suo indirizzo e-mail \u00e8 utilizzato esclusivamente a tale scopo. L\u2019invio \u00e8 assicurato da un fornitore di servizi svizzero specializzato in newsletter, che memorizza tutti i dati esclusivamente su server ubicati in Svizzera. L\u2019utente pu\u00f2 disdire l\u2019iscrizione in qualsiasi momento tramite il link riportato in ogni newsletter o contattandoci direttamente.<\/p>\n\n\n\n<h2 class=\"wp-block-heading\">YouTube<\/h2>\n\n\n\n<p class=\"wp-block-paragraph\">I video pubblicati sul nostro sito web sono integrati tramite l\u2019API di YouTube attraverso il dominio www.youtube-nocookie.com, che garantisce una maggiore protezione dei dati. All\u2019utente \u00e8 chiesto il consenso prima di stabilire la connessione a YouTube e riprodurre il video. Con il successivo caricamento e la riproduzione di un video YouTube incorporato, dati quali l\u2019indirizzo IP, le informazioni sul dispositivo e gli identificatori utilizzati da Google vengono trasmessi al fornitore Google LLC negli Stati Uniti (o in Irlanda).<\/p>\n\n\n\n<h2 class=\"wp-block-heading\">I diritti dell\u2019utente<\/h2>\n\n\n\n<p class=\"wp-block-paragraph\">Ai sensi della legge federale sulla protezione dei dati, l\u2019utente ha il diritto di ottenere informazioni sui dati personali da noi trattati che lo riguardano e di rettificare i dati inesatti, nonch\u00e9 il diritto alla consegna o al trasferimento dei dati (portabilit\u00e0 dei dati) e alla loro cancellazione o distruzione. Inoltre, pu\u00f2 opporsi in qualsiasi momento al trattamento dei suoi dati. Per far valere i propri diritti, pu\u00f2 rivolgersi al titolare del trattamento indicato.<\/p>\n\n\n\n<h2 class=\"wp-block-heading\">Aggiornamento e modifiche<\/h2>\n\n\n\n<p class=\"wp-block-paragraph\">La presente informativa sulla protezione dei dati pu\u00f2 essere modificata in qualsiasi momento. Fa fede la versione pi\u00f9 recente pubblicata sul nostro sito web.<\/p>\n","protected":false},"excerpt":{"rendered":"<p>Osservazioni generali Le presente informativa offre una panoramica sintetica sul trattamento dei dati personali di chi visita il nostro sito web. Per dati personali si intendono tutte le informazioni concernenti una persona fisica identificata o identificabile. L\u2019accesso al presente sito web comporta la raccolta di dati personali. In alcuni casi, la raccolta \u00e8 dettata da [&hellip;]<\/p>\n","protected":false},"author":1,"featured_media":0,"parent":0,"menu_order":11,"comment_status":"closed","ping_status":"closed","template":"page-templates\/privacy_page.php","meta":{"_acf_changed":false,"_genesis_hide_title":false,"_genesis_hide_breadcrumbs":false,"_genesis_hide_singular_image":false,"_genesis_hide_footer_widgets":false,"_genesis_custom_body_class":"","_genesis_custom_post_class":"","_genesis_layout":"","footnotes":""},"class_list":["post-74","page","type-page","status-publish","entry"],"acf":[],"_links":{"self":[{"href":"https:\/\/futuro-inclusivo.ch\/gr\/wp-json\/wp\/v2\/pages\/74","targetHints":{"allow":["GET"]}}],"collection":[{"href":"https:\/\/futuro-inclusivo.ch\/gr\/wp-json\/wp\/v2\/pages"}],"about":[{"href":"https:\/\/futuro-inclusivo.ch\/gr\/wp-json\/wp\/v2\/types\/page"}],"author":[{"embeddable":true,"href":"https:\/\/futuro-inclusivo.ch\/gr\/wp-json\/wp\/v2\/users\/1"}],"replies":[{"embeddable":true,"href":"https:\/\/futuro-inclusivo.ch\/gr\/wp-json\/wp\/v2\/comments?post=74"}],"version-history":[{"count":3,"href":"https:\/\/futuro-inclusivo.ch\/gr\/wp-json\/wp\/v2\/pages\/74\/revisions"}],"predecessor-version":[{"id":1767,"href":"https:\/\/futuro-inclusivo.ch\/gr\/wp-json\/wp\/v2\/pages\/74\/revisions\/1767"}],"wp:attachment":[{"href":"https:\/\/futuro-inclusivo.ch\/gr\/wp-json\/wp\/v2\/media?parent=74"}],"curies":[{"name":"wp","href":"https:\/\/api.w.org\/{rel}","templated":true}]}}

<h2 class="wp-block-heading">Osservazioni generali</h2>



<p class="wp-block-paragraph">Le presente informativa offre una panoramica sintetica sul trattamento dei dati personali di chi visita il nostro sito web. Per dati personali si intendono tutte le informazioni concernenti una persona fisica identificata o identificabile.</p>



<p class="wp-block-paragraph">L’accesso al presente sito web comporta la raccolta di dati personali. In alcuni casi, la raccolta è dettata da motivi tecnici ed è necessaria; in altri, i dati vengono raccolti deliberatamente per ottenere informazioni sull’utilizzo del sito web e adattarlo costantemente alle esigenze di chi lo consulta.</p>



<p class="wp-block-paragraph">Trattiamo i dati personali nel rispetto della legge federale sulla protezione dei dati.</p>



<h2 class="wp-block-heading">Titolare del trattamento</h2>



<p class="wp-block-paragraph">Il titolare del trattamento dei dati raccolti tramite questo sito web è:</p>



<p class="wp-block-paragraph">Ufficio sociale cantonale dei Grigioni <br>Integrazione dei disabili, Daniel Kistler<br>Grabenstrasse 8<br>7000 Chur <br>E-Mail: <a href="mailto:" data-eml-encoded-attr="WVd0MGFXOXVjM1JoWjJVbE5EQnpiMkV1WjNJdVkyZz0="><span data-eml-encoded-html><label>(E-Mail)</label><var aria-hidden="true" style="display:none">WVd0MGFXOXVjM1JoWjJVbE5EQnpiMkV1WjNJdVkyZz0=</var></span></a> <br>Telefono: +41 81 257 26 54</p>



<h2 class="wp-block-heading">Videoconferenze e trasmissioni in diretta</h2>



<p class="wp-block-paragraph">Determinati eventi, ad esempio le conferenze stampa, sono trasmessi in diretta tramite streaming video. A tal fine ricorriamo a servizi di streaming e videoconferenza di terzi (ad es. Teams o Zoom). Quando l’utente vi accede o vi partecipa, vengono trasmessi il suo indirizzo IP e informazioni sul dispositivo che utilizza; a seconda del fornitore, alcuni dati possono essere trasferiti negli Stati Uniti. Con la sua partecipazione, l’utente accetta l’informativa sulla protezione dei dati del rispettivo fornitore.</p>



<h2 class="wp-block-heading">Analisi web (Matomo)</h2>



<p class="wp-block-paragraph">Questo sito web utilizza un’istanza autogestita del software open source Matomo (matomo.org) per misurare le visite. Il software è configurato in modo da non memorizzare cookie sul dispositivo dell’utente.</p>



<p class="wp-block-paragraph">Per analizzare nel rispetto della normativa sulla protezione dei dati il comportamento di chi visita il nostro sito web, l’indirizzo IP dell’utente viene anonimizzato immediatamente dopo la raccolta. L’identificazione dei singoli visitatori è pertanto esclusa. L’utente può inoltre impedire automaticamente il tracciamento attivando nel proprio browser la funzione «Do Not Track».</p>



<h2 class="wp-block-heading">Google Analytics e servizi pubblicitari</h2>



<p class="wp-block-paragraph">Per analizzare il nostro sito web e ottimizzare la pubblicità online utilizziamo Google Tag (gtag.js) di Google Ireland Ltd. In questo processo, i dati possono essere trasmessi a Google LLC negli Stati Uniti. Utilizzando il sito web o confermando o chiudendo il banner sui cookie, l’utente acconsente a tale trattamento dei dati e all’utilizzo dei relativi cookie. La raccolta di dati può essere disattivata in qualsiasi momento tramite le <a href="https://adssettings.google.com/" target="_blank" rel="noopener">impostazioni sugli annunci di Google</a> o mediante il <a href="https://tools.google.com/dlpage/gaoptout">componente aggiuntivo del browser per la disattivazione di Google Analytics</a>. Per ulteriori dettagli, si prega di consultare le <a href="https://policies.google.com/privacy" target="_blank" rel="noopener">norme sulla privacy di Google</a>.</p>



<h2 class="wp-block-heading">Contatto tramite e-mail</h2>



<p class="wp-block-paragraph">Se l’utente contatta uno degli indirizzi e-mail pubblicati sul nostro sito web, i suoi dati personali trasmessi con l’e-mail vengono memorizzati. Questi dati non vengono trasmessi a terzi senza il consenso dell’utente. È fatta salva la trasmissione a fornitori di servizi da noi incaricati, che sono contrattualmente tenuti a rispettare le disposizioni sulla protezione dei dati (responsabili del trattamento), nella misura in cui ciò sia necessario per l’esecuzione della prestazione.</p>



<h2 class="wp-block-heading">Newsletter</h2>



<p class="wp-block-paragraph">Se l’utente si iscrive alla nostra newsletter, il suo indirizzo e-mail è utilizzato esclusivamente a tale scopo. L’invio è assicurato da un fornitore di servizi svizzero specializzato in newsletter, che memorizza tutti i dati esclusivamente su server ubicati in Svizzera. L’utente può disdire l’iscrizione in qualsiasi momento tramite il link riportato in ogni newsletter o contattandoci direttamente.</p>



<h2 class="wp-block-heading">YouTube</h2>



<p class="wp-block-paragraph">I video pubblicati sul nostro sito web sono integrati tramite l’API di YouTube attraverso il dominio www.youtube-nocookie.com, che garantisce una maggiore protezione dei dati. All’utente è chiesto il consenso prima di stabilire la connessione a YouTube e riprodurre il video. Con il successivo caricamento e la riproduzione di un video YouTube incorporato, dati quali l’indirizzo IP, le informazioni sul dispositivo e gli identificatori utilizzati da Google vengono trasmessi al fornitore Google LLC negli Stati Uniti (o in Irlanda).</p>



<h2 class="wp-block-heading">I diritti dell’utente</h2>



<p class="wp-block-paragraph">Ai sensi della legge federale sulla protezione dei dati, l’utente ha il diritto di ottenere informazioni sui dati personali da noi trattati che lo riguardano e di rettificare i dati inesatti, nonché il diritto alla consegna o al trasferimento dei dati (portabilità dei dati) e alla loro cancellazione o distruzione. Inoltre, può opporsi in qualsiasi momento al trattamento dei suoi dati. Per far valere i propri diritti, può rivolgersi al titolare del trattamento indicato.</p>



<h2 class="wp-block-heading">Aggiornamento e modifiche</h2>



<p class="wp-block-paragraph">La presente informativa sulla protezione dei dati può essere modificata in qualsiasi momento. Fa fede la versione più recente pubblicata sul nostro sito web.</p>

<p>Osservazioni generali Le presente informativa offre una panoramica sintetica sul trattamento dei dati personali di chi visita il nostro sito web. Per dati personali si intendono tutte le informazioni concernenti una persona fisica identificata o identificabile. L’accesso al presente sito web comporta la raccolta di dati personali. In alcuni casi, la raccolta è dettata da [&hellip;]</p>
